n base 9, what is 5 - -710?
715
In base 2, what is 0 - 101110100?
-101110100
In base 9, what is 2136 - -5?
2142
In base 7, what is -1 + 256?
255
In base 3, what is 2 + 10112120?
10112122
In base 15, what is 2 - -33b?
33d
In base 10, what is -471 + 5?
-466
In base 8, what is -227 + -7?
-236
In base 15, what is 9 - -1b?
25
In base 3, what is -2120 - 11112?
-21002
In base 4, what is 12303 + -3?
12300
In base 6, what is 2 + -235?
-233
In base 14, what is -3 - -c71?
c6c
In base 16, what is c + a5?
b1
In base 16, what is -105 - 19?
-11e
In base 3, what is -10 + -1011?
-1021
In base 9, what is -1762 - -2?
-1760
In base 11, what is -5 + 187?
182
In base 11, what is -117 + -2?
-119
In base 3, what is 2 - 110?
-101
In base 7, what is 3 - -136?
142
In base 9, what is -124 + 22?
-102
In base 10, what is -7206 - -5?
-7201
In base 11, what is -290 + 0?
-290
In base 12, what is -894 + 1?
-893
In base 9, what is 246 - -1?
247
In base 2, what is 10 + 1110?
10000
In base 9, what is 10057 + 0?
10057
In base 6, what is 10 - 4153?
-4143
In base 2, what is 11 - -111000110111?
111000111010
In base 2, what is -1 + 10110?
10101
In base 6, what is -1200 - -14?
-1142
In base 15, what is 3 + a4e?
a52
In base 10, what is -259 - -73?
-186
In base 4, what is 100 - -2331?
3031
In base 15, what is -2b + 24?
-7
In base 5, what is 2123 + -13?
2110
In base 16, what is -62 + -1b?
-7d
In base 9, what is 1286 - 4?
1282
In base 6, what is 534 - 11?
523
In base 4, what is -110 + -100123?
-100233
In base 13, what is -8b + 8?
-83
In base 15, what is 3 - 17?
-14
In base 10, what is 2 + 130?
132
In base 6, what is -13504 - -2?
-13502
In base 5, what is 11323 + -31?
11242
In base 13, what is -17 + -3?
-1a
In base 3, what is 112 + -10?
102
In base 4, what is 33 - 233?
-200
In base 3, what is -120 - -1010?
120
In base 12, what is -305b0 + 1?
-305ab
In base 7, what is 625 - -11?
636
In base 12, what is 5a - 5?
55
In base 14, what is -1 + -66?
-67
In base 16, what is 2 - -bf?
c1
In base 9, what is 44 - -87?
142
In base 10, what is 24 - 60?
-36
In base 4, what is -2310 - -203?
-2101
In base 2, what is -10111001 - 11?
-10111100
In base 12, what is 0 + 55?
55
In base 12, what is -1 - 98?
-99
In base 7, what is 0 + -26?
-26
In base 7, what is 356 - 1?
355
In base 8, what is 20 - 123?
-103
In base 13, what is 157 + 0?
157
In base 8, what is -3 - 3713?
-3716
In base 11, what is 1 - -2a?
30
In base 12, what is 4 + 62?
66
In base 7, what is -23 - 104?
-130
In base 14, what is -12 + -2?
-14
In base 5, what is -1003 + -3?
-1011
In base 13, what is -1 + 121?
120
In base 14, what is 1cd - 2?
1cb
In base 12, what is -35 + a?
-27
In base 11, what is 85 - 37?
49
In base 2, what is -100 - 1010100?
-1011000
In base 6, what is 114 - 14?
100
In base 5, what is -2 + 30?
23
In base 3, what is -1002 - -1001?
-1
In base 10, what is 6606 - -2?
6608
In base 8, what is 604 + 10?
614
In base 5, what is -423 - 10?
-433
In base 4, what is -10212 + -10?
-10222
In base 7, what is 3 - -122?
125
In base 4, what is 210313 + 0?
210313
In base 10, what is 227 + -5?
222
In base 8, what is -3 - 263?
-266
In base 16, what is e - -6?
14
In base 3, what is -22210102 + 2?
-22210100
In base 9, what is 2 - 1343?
-1341
In base 9, what is -5 - 366?
-372
In base 6, what is -240 - 4?
-244
In base 3, what is -10112 - -11?
-10101
In base 3, what is -100 + 21222?
21122
In base 14, what is 23 - 55?
-32
In base 14, what is -d1 - 0?
-d1
In base 14, what is 1 - -4d?
50
In base 7, what is -2012 + -6?
-2021
In base 2, what is -101 - 11101111?
-11110100
In base 4, what is -132 - 2213?
-3011
In base 7, what is -60 - 302?
-362
In base 5, what is -114 + 23?
-41
In base 6, what is 3521 + 5?
3530
In base 4, what is 202 + 100?
302
In base 2, what is 100 - -111010001?
111010101
In base 6, what is 4030 + -3?
4023
In base 7, what is -3 + -2150?
-2153
In base 13, what is 3 - -359?
35c
In base 4, what is -2313 + 0?
-2313
In base 6, what is -32 - -550?
514
In base 7, what is -3 - -1624?
1621
In base 13, what is -2263 - 4?
-2267
In base 16, what is -1 + -538?
-539
In base 4, what is 10 - -1223?
1233
In base 12, what is 8 - 77a?
-772
In base 2, what is 100011000 + 11?
100011011
In base 13, what is -3 + 142b?
1428
In base 14, what is 3 - 76?
-73
In base 6, what is -20 - 10?
-30
In base 8, what is -727 + 0?
-727
In base 5, what is 1 - 2144?
-2143
In base 8, what is 47 + 636?
705
In base 12, what is -3 - 167a?
-1681
In base 16, what is -50 + -5?
-55
In base 2, what is -1000111 + 100100?
-100011
In base 2, what is -111100 - 1?
-111101
In base 9, what is -4 - -415?
411
In base 9, what is -27 + 45?
17
In base 10, what is 3252 - -1?
3253
In base 8, what is 1 - 36?
-35
In base 6, what is -1 - -102?
101
In base 2, what is 10011 + 1000101001?
1000111100
In base 14, what is -24 - -3?
-21
In base 7, what is 1 - 11?
-10
In base 3, what is -11 - -2120202?
2120121
In base 8, what is -4 + 147?
143
In base 2, what is 1011010111000 + 0?
1011010111000
In base 12, what is -41 - -1b?
-22
In base 2, what is 10010011 + 0?
10010011
In base 4, what is -1 - -1203?
1202
In base 15, what is -3 + 27?
24
In base 12, what is -32 + 4?
-2a
In base 4, what is 2013 + 2?
2021
In base 4, what is 2130322 - -11?
2130333
In base 10, what is 106 + 15?
121
In base 14, what is -b - 3b?
-48
In base 4, what is 11 - 30200?
-30123
In base 11, what is 2 + 38?
3a
In base 13, what is -12 + 3bc?
3aa
In base 10, what is -8 + 35?
27
In base 4, what is 232 - -1?
233
In base 10, what is -4 + 5084?
5080
In base 14, what is 3 + 1bc8?
1bcb
In base 10, what is -10353 - 1?
-10354
In base 14, what is bc - 1?
bb
In base 5, what is -102 + 3?
-44
In base 11, what is 44 - -4?
48
In base 9, what is 2531 - 2?
2528
In base 11, what is -a6 - 4?
-aa
In base 16, what is -ea + 14?
-d6
In base 14, what is -3a - 4?
-40
In base 13, what is -103 - -11?
-c2
In base 2, what is 10001100 - -111?
10010011
In base 9, what is 461 + -3?
457
In base 13, what is -173 - 64?
-207
In base 3, what is -2 + 1110010?
1110001
In base 11, what is -8 - 44?
-51
In base 3, what is -10112121 + 2?
-10112112
In base 11, what is -4 - -218?
214
In base 13, what is 495 - 3?
492
In base 6, what is -21 + 5?
-12
In base 13, what is 3b + -169?
-12b
In base 11, what is -53 - -1?
-52
In base 3, what is -12020 - 1100?
-20120
In base 8, what is -771 - -1?
-770
In base 15, what is -c3 + -15?
-d8
In base 4, what is 102032 + -1?
102031
In base 13, what is -2 - -151?
14c
In base 5, what is 113102 + 4?
113111
In base 9, what is 7 + 27?
35
In base 4, what is -11033 + 22?
-11011
In base 13, what is 49 + -5?
44
In base 5, what is 4 - 2023?
-2014
In base 10, what is 9 + 3?
12
In base 10, what is -43 - 0?
-43
In base 6, what is -43 - 5?
-52
In base 11, what is -3 - 2034?
-2037
In base 13, what is 3 - -125?
128
In base 14, what is 25 + -61?
-3a
In base 13, what is 4c1 - 1?
4c0
In base 12, what is 3 - 1520?
-1519
In base 7, what is -6 + -213?
-222
In base 3, what is 211101 - -1021?
212122
In base 14, what is -5 - b7?
-bc
In base 14, what is -2 + 2199?
2197
In base 14, what is -41b - -2?
-419
In base 8, what is -11045 + 1?
-11044
In base 3, what is 100201 + -10?
100121
In base 7, what is 1 - -12242?
12243
In base 2, what is -1000011111 - 1?
-1000100000
In base 8, what is -1 + 104?
103
In base 2, what is -10 - -100001100?
100001010
In base 2, what is -101 - -10010?
1101
In base 9, what is -84 - -8?
-75
In base 11, what is 1 + -258?
-257
In base 11, what is -318 + 3?
-315
In base 12, what is 7 - -13?
1a
In base 5, what is 32 + -224?
-142
In base 8, what is -2346 - 2?
-2350
In base 13, what is c - 123?
-114
In base 3, what is -11202 - -1?
-11201
In base 8, what is -75 - -64?
-11
In base 13, what is -2c16 + -4?
-2c1a
In base 5, what is -3331 - 4?
-3340
In base 10, what is -3 - 35?
-38
In base 12, what is 1a - 11?
9
In base 16, what is -14c - 19?
-165
In base 4, what is -202331 - 1?
-202332
In base 3, what is 11 + -122?
-111
In base 8, what is -4 - 161?
-165
In base 12, what is -252 + 3?
-24b
In base 11, what is -33 - 1?
-34
In base 12, what is -439 - -14?
-425
In base 11, what is -48 + -5?
-52
In base 5, what is 20 + 13?
33
In base 13, what is -1 - 248?
-249
In base 5, what is 2020202 - 10?
2020142
In base 6, what is -54 - -13?
-41
In base 8, what is -12 + -10?
-22
In base 16, what is